st common factor of s and q.
26
Let m(u) = -6 - 17*u + 26*u + 3. Let f be m(1). What is the greatest common factor of 36 and f?
6
Let h(l) = -2*l**2 + 52*l - 32. Let x be h(24). Let k be 4/((-2)/((-8)/1)). What is the highest common divisor of x and k?
16
Suppose 4*r = 2*j + 3*j - 208, 86 = 2*j - 3*r. Let u = 23 + -20. Suppose y = -3*q - 2*q + 20, -u*q = 5*y - 56. What is the greatest common factor of j and y?
10
Let x(v) = -v**3 - 2*v**2 + 5*v**2 - 8 - 6*v - v**3 + 5*v. Let o be x(-2). Calculate the greatest common factor of 55 and o.
11
Let k = 532 - 350. Let r be -3*(69/(-9) + 3). Calculate the highest common divisor of r and k.
14
Let g(a) be the first derivative of -11*a**4/2 - 2*a**3/3 - a**2/2 + a - 20. Let m be g(-1). Calculate the greatest common factor of 22 and m.
22
Let g be 22/6 - 1/(-3). Let c = -91 + 126. Suppose -167 + c = -3*l. Calculate the highest common divisor of l and g.
4
Let q(c) = -c**3 + 6*c**2 + c - 3. Let f be q(6). Let k be (-2 + 16/6)*18. What is the greatest common factor of f and k?
3
Let k be (-8)/16 - (-78)/4. Let g = k + -3. What is the highest common divisor of 16 and g?
16
Let z = 294 + -257. What is the greatest common divisor of z and 259?
37
Let g = -6 - -8. Suppose 57*h = 93*h - 216. Calculate the highest common divisor of h and g.
2
Let f be (-270)/(-4)*(-10 - -3 - -9). What is the greatest common divisor of f and 54?
27
Let n(t) = 2*t - 11. Let p be n(6). Let q be p - (8/44 - (-3854)/(-22)). What is the highest common divisor of 44 and q?
44
Suppose 0 = 6*a + 58 - 394. What is the greatest common factor of 364 and a?
28
Suppose 0 = -15*h + 417 + 363. What is the greatest common divisor of h and 1560?
52
Let c(y) = 5*y + 9. Let q(x) = 4*x + 9. Let a(v) = -5*c(v) + 6*q(v). Let g be a(6). Let i be 60/9*(-108)/(-30). What is the highest common divisor of i and g?
3
Suppose -p - 3 = -4*p. Suppose -2*j = -3*v + 18, 5*v + 0*j - 2*j = 26. Suppose 0 = v*z - 14 - 18. What is the highest common divisor of z and p?
1
Let f = -87 + 107. Let b(x) = -x + 3. Let y be b(-2). What is the greatest common factor of f and y?
5
Suppose 8*s = -6*s + 42. Suppose -6*w + 108 = s*w. Let u be (8/(-6))/(3/(-27)). What is the greatest common divisor of w and u?
12
Let m(n) = 96*n - 350. Let h be m(4). What is the greatest common divisor of 2754 and h?
34
Let d = 178 - 146. Calculate the highest common divisor of 928 and d.
32
Suppose 0 = -6*l - 23 + 71. Suppose 0 = -z - 0*z + 1, -2*z = -3*j + 94. Calculate the greatest common divisor of l and j.
8
Let m(y) = 3*y**2 - 3*y + 1. Let t be (-16)/3*(-15)/(-10). Let x be 0 - 3*t/12. Let w be m(x). What is the greatest common factor of w and 77?
7
Let g = 27 - 1. Suppose 10*b + 48*b = 7*b + 3978. What is the greatest common factor of g and b?
26
Let h be 888/12 + -1*1. Suppose 0 = -4*u + 21 - h. Let f(x) = 2*x**2 + 19*x + 13. Let w be f(u). Calculate the greatest common divisor of w and 13.
13
Let w = -346 + 388. What is the greatest common divisor of 63 and w?
21
Suppose 5*o - 163 = 3*d + 473, 0 = -5*d - 10. What is the highest common divisor of o and 21?
21
Let b = 780 + -376. Calculate the highest common divisor of b and 101.
101
Suppose -9*i = -5*i + 168. Let r = -28 - i. Calculate the highest common factor of 14 and r.
14
Suppose 24*u + 5743 = 22855. Calculate the highest common divisor of u and 23.
23
Suppose 5*s + 49 = 2*g, 0 = -3*g + 2*s + 58 + 10. Let w(p) = -p**2 + 28*p - 60. Let u be w(g). What is the greatest common factor of 9 and u?
9
Suppose 0*h - 15 = 5*h. Let v = h - -9. Let z = v - 1. What is the greatest common divisor of 15 and z?
5
Let n = 42 + -38. Suppose -4*k + 68 = -n*g - 16, 3*k - 67 = 4*g. Suppose -3*s - q + 86 = 3*q, 5*s - 5*q = 190. What is the greatest common factor of s and k?
17
Suppose 4*w - 11 = -103. Suppose 0*d + 5*p - 162 = -4*d, -192 = -5*d - p. Let h = d + w. What is the greatest common divisor of 3 and h?
3
Suppose 0*b + 220 = 5*b. Suppose 5*c - 11 - 14 = 0. Suppose -c*o + o + b = 0. Calculate the greatest common divisor of o and 11.
11
Suppose -5*s = -4*s. Let c(d) = -d**3 - d**2 + d + 82. Let w be c(s). What is the highest common factor of 123 and w?
41
Let f(c) = -2*c**3 - 5*c**2 + 15*c + 7. Let b be f(-5). Calculate the highest common factor of b and 57.
57
Suppose -36*h + 825 = -21*h. Suppose 108 = 5*z - 2. Calculate the greatest common factor of h and z.
11
Suppose -66*w - 15 = -69*w. Let d be w/(-4) + 1794/104. Calculate the highest common divisor of 24 and d.
8
Suppose s = -2*s + 15, 2*r - 3*s + 7 = 0. Suppose m - r*g - 22 = -g, -36 = -m - 4*g. What is the greatest common divisor of 7 and m?
7
Suppose 0 = -5*i - h + 620, 0*i + 124 = i + 2*h. Calculate the highest common divisor of i and 186.
62
Suppose f - 10 = -4*t, 23 - 19 = 5*f - 3*t. What is the highest common divisor of f and 81?
1
Suppose 50*n - 8736 = 36*n. Calculate the greatest common factor of n and 48.
48
Let y be (-2)/(16/18 + -1). Let h be ((-108)/15)/(-9 + 5 + 1780/450). Calculate the highest common divisor of y and h.
18
Suppose 0 = j + 4*z - 286, 2*j + z - 497 = 110. Calculate the greatest common factor of 68 and j.
34
Suppose 271*b - 265*b - 360 = 0. What is the greatest common factor of 180 and b?
60
Suppose 2*t = 4, -4*t - 212 = -2*o - 3*o. Suppose 5*b - 9*b = -o. What is the highest common divisor of b and 44?
11
Let d(s) = -75*s. Let v be d(-3). Suppose -c + 4*c = v. Calculate the highest common divisor of c and 15.
15
Suppose 0 = -6*n + 256 + 1382. What is the highest common factor of 21 and n?
21
Let p(c) = -c**3 + 6*c**2 + 27*c + 18. Let a be p(9). Calculate the greatest common factor of a and 1368.
18
Let d be (198/(-4))/((-6)/12). What is the greatest common divisor of d and 187?
11
Let m(o) = o**3 - 5*o**2 - 3*o + 5. Let x be m(4). Let i be 28/(-42) - x/3. Calculate the highest common divisor of 56 and i.
7
Let o(f) = -f**3 - 4*f**2 + 6. Let y be o(-7). Let n = -104 + 121. Calculate the highest common divisor of y and n.
17
Let k(c) = -c**3 + 14*c**2 + 13*c - 4. Let m be k(9). Let v = -351 + m. Let n = -71 + v. Calculate the highest common divisor of n and 64.
32
Let b = 923 - 572. Calculate the highest common divisor of b and 9.
9
Let h = 19 + -17. Suppose q = -3*j, -q + h = j - 6. What is the highest common divisor of 48 and q?
12
Let s = 2805 + -2790. Calculate the greatest common divisor of s and 160.
5
Suppose 3*v + 51 = 4*c, -2*v - 41 = -3*c + 3*v. Let t = c - -25. What is the highest common divisor of t and 111?
37
Suppose -4*o - 132 = -0*o. Let f be (15/4)/(o/(-176)). Let r(j) = 14*j - 12. Let t be r(8). Calculate the highest common divisor of f and t.
20
Suppose 7*k + k = 96. Suppose n + 496 = 4*c + 114, 5*c + 4*n - 488 = 0. What is the highest common divisor of c and k?
12
Suppose -4 = -4*t, 0*t - 2*t + 434 = 4*z. What is the highest common divisor of 243 and z?
27
Suppose 6*n - 175 + 103 = 0. What is the highest common factor of 204 and n?
12
Suppose 20 = 2*t - 2*p, 0 = -5*t + 4*p - 2*p + 62. Calculate the greatest common divisor of 28 and t.
14
Let p = 48 - 46. Suppose 0 = -g - 2*h + 34, p*g + 3*h - 6 = 60. What is the highest common factor of 10 and g?
10
Let x(t) = 20*t**2 + 153*t - 12. Let a be x(-8). Calculate the highest common factor of 924 and a.
44
Suppose 128 = 2*u + q, -2*u + 3*q - 120 = -4*u. Suppose u = 4*o - o. Let d = 145 + -123. What is the greatest common factor of o and d?
22
Let w(k) be the second derivative of -k**4/6 + 2*k**3/3 - k**2 + 3*k. Let a be w(2). Let s be (-3 - -1)*a/4. What is the greatest common divisor of s and 1?
1
Let c(m) = m**2 + 6*m - 1. Let u be c(3). What is the greatest common factor of u and 65?
13
Suppose 5*s = 10, -b + 5 - 4 = -2*s. Suppose 0 = p, -4*x - b*p = -9*x - 105. Let k = x + 41. What is the highest common divisor of 30 and k?
10
Suppose 4*m - 13 = -4*m + 3*k, -7 = -5*m + 3*k. What is the greatest common factor of m and 13?
1
Suppose -12 = -2*c + 12. Suppose i + c = 32. Calculate the highest common factor of i and 100.
20
Suppose -3*l = -711 - 219. Suppose 0*a = -a - 5*z + 41, 4*z - l = -5*a. What is the greatest common factor of 33 and a?
33
Let j = 76 - 28. Let a(o) = 27*o**2 - 54*o + 123. Let i be a(5). What is the greatest common divisor of j and i?
48
Suppose -5*w = p - 1, -p + 0*p + 2*w + 15